ermine c(2).
-11
Let a(n) = n**2 + 18*n - 66. Give a(-21).
-3
Let v(q) = -3*q**2 + q + 109. What is v(0)?
109
Let x(j) = -j + 44. Calculate x(39).
5
Let d(a) = -11*a**3 - 3*a**2 + a + 1. Calculate d(1).
-12
Let u(j) = 3*j - 4. Determine u(-4).
-16
Let y(b) = -b**2 + 9*b - 1. Give y(6).
17
Let t(j) = -2*j + 2. Give t(-7).
16
Let j(l) = 7*l + 41. Calculate j(-7).
-8
Let f(v) = -v**3 - 8*v**2 - 6. Determine f(-8).
-6
Let k(i) = 6*i - 68. Determine k(8).
-20
Let c(f) = f**2 - 7*f + 12. Give c(6).
6
Let a(r) = -2*r**3 - 4*r**2 - 2*r + 1. Give a(-2).
5
Let s(z) = z**3 + 19*z**2 + 19*z + 21. Give s(-18).
3
Let x(y) = 9*y + 2. Determine x(1).
11
Let p(a) = a - 2. Calculate p(8).
6
Let a(d) = d**2 + 13*d + 4. What is a(-8)?
-36
Let r(m) = -m - 32. Give r(-6).
-26
Let i(c) = c**2 + 46*c + 92. What is i(-2)?
4
Let o(x) = -x**3 - 20*x**2 - 19*x - 21. Calculate o(-19).
-21
Let k(o) = -o**2 - 12*o + 193. Determine k(9).
4
Let h(r) = r + 5. What is h(-5)?
0
Let u(s) = -s + 40. Determine u(23).
17
Let c(i) = -2*i**3 + 4*i**2 - 3*i - 4. Determine c(3).
-31
Let v(a) = a**2 + a - 10. What is v(3)?
2
Let b(g) = -g**2 + 14*g - 10. Determine b(13).
3
Let x(c) = -2*c - 18. Give x(-7).
-4
Let t(c) = c + 1. Calculate t(0).
1
Let i(q) = 8*q + 8. What is i(-6)?
-40
Let x(m) = 10*m**2 + 19*m + 2. Calculate x(-2).
4
Let z(d) = -2*d**2 + 26*d - 70. Calculate z(3).
-10
Let r(g) = 2*g**3 - 3*g**2 + 2*g + 2. Give r(3).
35
Let n(a) = -33*a - 3. Determine n(-1).
30
Let m(t) = -12*t - 6. What is m(8)?
-102
Let y(f) = -4*f**3 + f**2 + 2. What is y(2)?
-26
Let v(w) = 4*w - 2. Give v(1).
2
Let j(w) = 12*w - 14. Give j(3).
22
Let l(b) = 2*b**3 + b**2 + 3*b - 3. Determine l(1).
3
Let w(r) = 4*r + 1. Calculate w(-5).
-19
Let o(t) = -46*t - 37. Give o(0).
-37
Let k(t) = -33*t**3 - t + 1. Calculate k(1).
-33
Let u(s) = -3*s + 75. What is u(24)?
3
Let x(t) = -t - 11. What is x(-5)?
-6
Let q(s) = -2*s**3 + 3*s**2 - s - 1. What is q(2)?
-7
Let q(h) = -12*h + 21. Give q(3).
-15
Let s(i) = -25*i + 818. Give s(33).
-7
Let f(d) = d - 35. Give f(18).
-17
Let c(l) = -2*l**2 + 2*l - 2. Determine c(5).
-42
Let h(t) = 3*t**2 - 2*t + 1. What is h(5)?
66
Let l(d) = 2*d**2 - 34*d + 23. What is l(16)?
-9
Let a(t) = -t**2 - 2*t + 8. What is a(-6)?
-16
Let v(x) = x**3 + 2*x**2 + 6*x + 6. What is v(-1)?
1
Let k(o) = -21*o**2 - 4*o + 5. Determine k(1).
-20
Let t(u) = -4*u - 6. Calculate t(-8).
26
Let t(z) = z**3 + 8*z**2 + 4*z - 14. Calculate t(-6).
34
Let u(z) = z**3 + z**2. Determine u(-2).
-4
Let b(j) = -j**2 + 10*j - 26. What is b(3)?
-5
Let k(g) = g**2 + 15*g - 5. Determine k(-17).
29
Let f(z) = -3*z + 32. Calculate f(15).
-13
Let k(g) = g**2 + 3*g + 1. Determine k(-4).
5
Let r(s) = s**2 + 16*s - 20. What is r(-17)?
-3
Let s(c) = -19*c**2 - 3*c + 1. Calculate s(1).
-21
Let g(p) = -p + 16. Give g(25).
-9
Let t(m) = 33*m + 35. Give t(-1).
2
Let j(y) = y**2 - 9*y + 5. Determine j(6).
-13
Let t(k) = 6*k**2 + 2*k. Give t(2).
28
Let j(z) = -5*z**2 - 4*z - 3. Calculate j(-1).
-4
Let m(v) = 2*v**2 - 24*v + 9. Determine m(12).
9
Let g(c) = -c**3 + 7*c**2 - 7. Give g(7).
-7
Let r(b) = b**3 - 12*b**2 - 27*b - 7. Determine r(14).
7
Let r(i) = -7*i + 1. Determine r(2).
-13
Let w(l) = -25*l + 409. Give w(16).
9
Let s(x) = -3*x - 47. Calculate s(-20).
13
Let f(g) = -g**3 - 5*g**2 + g + 3. Determine f(-6).
33
Let w(l) = l**3 - 6*l**2 - 6*l - 9. Determine w(7).
-2
Let y(l) = l**3 - 9*l**2 - 14*l + 17. What is y(9)?
-109
Let p(b) = -3*b - 4. Determine p(7).
-25
Let h(s) = s**3 + 12*s**2 + 18. Calculate h(-12).
18
Let x(c) = -3*c**2 - 4*c + 8. Determine x(-3).
-7
Let v(i) = -i**2 - 4. What is v(-6)?
-40
Let q(d) = d**2 - d - 14. Give q(4).
-2
Let o(g) = -g**3 - 7*g**2 - 5. What is o(-5)?
-55
Let v(q) = -q**3 + 9*q**2 - 16*q + 21. Calculate v(5).
41
Let t(y) = y**2 + 31*y - 361. Calculate t(-40).
-1
Let i(g) = -8*g**3 - 2*g**2 - 4*g - 3. Calculate i(-1).
7
Let i(o) = -o**3 - 17*o**2 - 13*o + 43. What is i(-16)?
-5
Let g(r) = 15*r - 8. Determine g(7).
97
Let v(i) = -i**3 + 4*i**2 + 6*i - 11. Calculate v(5).
-6
Let r(f) = -f**2 + 4*f - 5. Calculate r(4).
-5
Let m(c) = c**3 + 4*c**2 - 3*c - 6. Give m(-4).
6
Let h(d) = 2*d**3 - 12*d**2 - 6*d + 7. What is h(6)?
-29
Let v(h) = -7*h**2 - 2. What is v(2)?
-30
Let u(i) = i**3 - 13*i**2 - 14*i + 1. Give u(14).
1
Let l(g) = -g**2 + 7*g. Give l(7).
0
Let j(a) = -2*a**3 + 3*a**2 + a + 6. Calculate j(-4).
178
Let q(r) = -10*r + 36. Calculate q(13).
-94
Let y(s) = -s - 3. Determine y(-7).
4
Let d(z) = 7*z - 2. Calculate d(4).
26
Let o(b) = -12*b - 37. Calculate o(-5).
23
Let k(b) = -2*b**3 + 4*b**2 - 2*b - 1. Give k(3).
-25
Let r(d) = -d**3 - 9*d**2 + 4*d + 3. Give r(-10).
63
Let c(l) = -99*l**2 + 1. Calculate c(1).
-98
Let t(j) = 7*j + 9. Calculate t(-4).
-19
Let s(r) = -r**2 + 12*r - 13. Calculate s(11).
-2
Let y(n) = 34*n - 18. Give y(1).
16
Let z(l) = -l**3 + 7*l**2 - 7*l - 13. Determine z(7).
-62
Let m(u) = u**2 + 3*u - 13. Give m(8).
75
Let d(c) = c - 30. What is d(0)?
-30
Let v(t) = 6*t - 151. Calculate v(24).
-7
Let n(c) = c**3 + 4*c**2 + c + 7. Determine n(-4).
3
Let l(n) = -n**3 - n**2 - 2*n + 10. Give l(0).
10
Let d(k) = 5*k - 11. Give d(3).
4
Let h(n) = 17*n**3 - 3*n**2 + n + 1. What is h(2)?
127
Let h(y) = y**3 + 2*y**2 - 2*y. Give h(-4).
-24
Let q(j) = 49*j - 251. Calculate q(5).
-6
Let u(c) = -3*c - 1. Give u(-8).
23
Let h(p) = 6*p**2 - 3*p - 2. Calculate h(-2).
28
Let w(z) = -z - 30. Determine w(-10).
-20
Let u(g) = 2*g**3 - 7*g**2 - g - 5. Calculate u(4).
7
Let v(s) = -53*s + 61. Calculate v(1).
8
Let q(w) = -9*w + 48. What is q(7)?
-15
Let c(i) = -19*i + 228. Give c(12).
0
Let z(p) = p**3 + p**2 - 2*p + 13. Give z(0).
13
Let v(h) = -h**3 + 6*h**2 - 6*h - 7. What is v(5)?
-12
Let f(n) = 11*n + 237. Calculate f(-22).
-5
Let d(m) = m**3 + 10*m**2 - 4*m - 12. Give d(-11).
-89
Let u(v) = 3*v**2 - 5*v - 7. Calculate u(3).
5
Let f(a) = 2*a + 2. Determine f(-7).
-12
Let b(k) = 2*k**2 - 60*k - 8. Give b(30).
-8
Let v(z) = z**3 + 8*z**2 + 4*z - 6. What is v(-7)?
15
Let j(w) = 8*w**3 - 8*w**2 + 4*w. Give j(1).
4
Let a(l) = 4*l - 1. Give a(13).
51
Let p(w) = -6*w - 2. What is p(0)?
-2
Let t(r) = -10*r - 75. Give t(-12).
45
Let i(u) = -u**2 + 15*u - 17. Calculate i(18).
-71
Let b(q) = 4*q**2 - q + 1. Determine b(0).
1
Let k(s) = 2*s**2 + 29*s - 51. Give k(-16).
-3
Let a(m) = 4*m - 25. Determine a(-6).
-49
Let p(c) = -c**2 + 2*c + 107. Determine p(-9).
8
Let s(o) = 44*o + 1103. Give s(-25).
3
Let j(r) = r**3 + 9*r**2 + 5*r - 2. Give j(-8).
22
Let u(t) = -t**3 - 2*t**2 - 2. Determine u(-4).
30
Let a(p) = p**2 - 8*p + 8. Determine a(6).
-4
Let z(j) = 3*j - 5. Give z(6).
13
Let r(g) = -2*g**2 - 13*g + 6. Calculate r(0).
6
Let v(m) = -10*m**3 + m**2 - m - 1. Calculate v(-1).
11
Let z(j) = -4*j**3 - 2*j**2 + 4*j. Calculate z(-2).
16
Let i(d) = -d**2 - 7*d + 32. Determine i(0).
32
Let n(k) = -k**3 + 2*k**2 - 3*k + 50. Give n(0).
50
Let w(r) = r + 1. Give w(-2).
-1
Let a(m) = -m**2 - 13*m - 16. What is a(-12)?
-4
Let c(a) = a**3 + 8*a**2 + 9*a - 6. What is c(-7)?
-20
Let w(t) = -t**2 - 29*t - 212. Give w(-16).
-4
Let m(n) = n**2 + 4*n + 2. What is m(-2)?
-2
Let p(n) = -17*n**2 - 2*n + 13. Calculate p(3).
-146
Let i(c) = 6*c - 11. Give i(5).
19
Let h(u) = -u**3 - 23*u**2 + u - 17. Calculate h(-23).
-40
Let d(z) = z**2 - 6*z + 6. Determine d(4).
-2
Let n(t) = t**2 + 14*t + 36. Give n(-11).
3
Let y(p) = 10*p**2 - 9*p + 7. Give y(2).
29
Let x(h) = -7*h**3 + 12*h**2 + 10*h - 2. Calculate x(-1).
7
Let c(i) = i**3 - 7*i**2 - 10*i + 12. Determine c(8).
-4
Let n(r) = r**2 + 40*r + 146. Give n(-35).
-29
Let a(m) = m**3 + 8*m**2 + 2*m - 64. Determine a(-6).
-4
Let y(a) = -11*a - 57. Determine y(-4).
-13
Let s(w) = w + 9. Determine s(-5).
4
Let y(h) = 9*h**3 - 2*h**2 + 2*h + 3. Determine y(-2).
-81
Let u(n) = -n**3 - 3*n**2 + 4*n + 7. Determine u(-5).
37
Let s(a) = -a**2 - 23*a - 80. What is s(-19)?
-4
Let i(k) = 2*k + 4. Calculate i(2).
8
Let k(i) = i**2 - i - 1. What is k(0)?
-1
Let b(s) = s**2 - 33*s + 273. What is b(18)?
3
Let s(d) = d**2 - 7*d + 5. What is s(2)?
-5
Let o(r) = -r**3 + 12*r**2 - 11*r - 9. Determine o(11).
-9
Let f(w) = 3*w - 17. Calculate f(5).
-2
Let k(v) = 8*v**2 - 14*v + 7. Calculate k(2).
11
Let v(m) = -9*m - 18. What is v(-4)?
18
Let j(i) = i**3 + 4*i**2 - 6*i + 1. Calcu